[INFO] fetching crate fifo 0.2.0...
[INFO] checking fifo-0.2.0 against master#cfbc6d4cf1acbac5c025acf8ed68929caa551df3 for pr-75494-beta
[INFO] extracting crate fifo 0.2.0 into /workspace/builds/worker-8/source
[INFO] validating manifest of crates.io crate fifo 0.2.0 on toolchain cfbc6d4cf1acbac5c025acf8ed68929caa551df3
[INFO] running `Command { std: "/workspace/cargo-home/bin/cargo" "+cfbc6d4cf1acbac5c025acf8ed68929caa551df3" "read-manifest" "--manifest-path" "Cargo.toml", kill_on_drop: false }`
[INFO] started tweaking crates.io crate fifo 0.2.0
[INFO] finished tweaking crates.io crate fifo 0.2.0
[INFO] tweaked toml for crates.io crate fifo 0.2.0 written to /workspace/builds/worker-8/source/Cargo.toml
[INFO] running `Command { std: "/workspace/cargo-home/bin/cargo" "+cfbc6d4cf1acbac5c025acf8ed68929caa551df3" "generate-lockfile" "--manifest-path" "Cargo.toml" "-Zno-index-update", kill_on_drop: false }`
[INFO] running `Command { std: "/workspace/cargo-home/bin/cargo" "+cfbc6d4cf1acbac5c025acf8ed68929caa551df3" "fetch" "--locked" "--manifest-path" "Cargo.toml", kill_on_drop: false }`
[INFO] running `Command { std: "docker" "create" "-v" "/var/lib/crater-agent-workspace/builds/worker-8/target:/opt/rustwide/target:rw,Z" "-v" "/var/lib/crater-agent-workspace/builds/worker-8/source:/opt/rustwide/workdir:ro,Z" "-v" "/var/lib/crater-agent-workspace/cargo-home:/opt/rustwide/cargo-home:ro,Z" "-v" "/var/lib/crater-agent-workspace/rustup-home:/opt/rustwide/rustup-home:ro,Z" "-e" "SOURCE_DIR=/opt/rustwide/workdir" "-e" "CARGO_TARGET_DIR=/opt/rustwide/target" "-e" "CARGO_HOME=/opt/rustwide/cargo-home" "-e" "RUSTUP_HOME=/opt/rustwide/rustup-home" "-w" "/opt/rustwide/workdir" "-m" "1610612736" "--user" "0:0" "--network" "none" "rustops/crates-build-env@sha256:a636fd89d022f18117e1dc8fb37a0a009933cdbbe082814857f0e2024962d47c" "/opt/rustwide/cargo-home/bin/cargo" "+cfbc6d4cf1acbac5c025acf8ed68929caa551df3" "metadata" "--no-deps" "--format-version=1", kill_on_drop: false }`
[INFO] [stdout] ad20f71f12707a611a8cb7074236182e5fe4104278af5991b2846920ddc363da
[INFO] [stderr] WARNING: Your kernel does not support swap limit capabilities or the cgroup is not mounted. Memory limited without swap.
[INFO] running `Command { std: "docker" "start" "-a" "ad20f71f12707a611a8cb7074236182e5fe4104278af5991b2846920ddc363da", kill_on_drop: false }`
[INFO] running `Command { std: "docker" "inspect" "ad20f71f12707a611a8cb7074236182e5fe4104278af5991b2846920ddc363da", kill_on_drop: false }`
[INFO] running `Command { std: "docker" "rm" "-f" "ad20f71f12707a611a8cb7074236182e5fe4104278af5991b2846920ddc363da", kill_on_drop: false }`
[INFO] [stdout] ad20f71f12707a611a8cb7074236182e5fe4104278af5991b2846920ddc363da
[INFO] running `Command { std: "docker" "create" "-v" "/var/lib/crater-agent-workspace/builds/worker-8/target:/opt/rustwide/target:rw,Z" "-v" "/var/lib/crater-agent-workspace/builds/worker-8/source:/opt/rustwide/workdir:ro,Z" "-v" "/var/lib/crater-agent-workspace/cargo-home:/opt/rustwide/cargo-home:ro,Z" "-v" "/var/lib/crater-agent-workspace/rustup-home:/opt/rustwide/rustup-home:ro,Z" "-e" "SOURCE_DIR=/opt/rustwide/workdir" "-e" "CARGO_TARGET_DIR=/opt/rustwide/target" "-e" "CARGO_INCREMENTAL=0" "-e" "RUST_BACKTRACE=full" "-e" "RUSTFLAGS=--cap-lints=forbid" "-e" "CARGO_HOME=/opt/rustwide/cargo-home" "-e" "RUSTUP_HOME=/opt/rustwide/rustup-home" "-w" "/opt/rustwide/workdir" "-m" "1610612736" "--user" "0:0" "--network" "none" "rustops/crates-build-env@sha256:a636fd89d022f18117e1dc8fb37a0a009933cdbbe082814857f0e2024962d47c" "/opt/rustwide/cargo-home/bin/cargo" "+cfbc6d4cf1acbac5c025acf8ed68929caa551df3" "check" "--frozen" "--all" "--all-targets" "--message-format=json", kill_on_drop: false }`
[INFO] [stderr] WARNING: Your kernel does not support swap limit capabilities or the cgroup is not mounted. Memory limited without swap.
[INFO] [stdout] 104fd1208793aa38c92ccbe6c538da0e7f773c6c325445e393577fee62e6e8f6
[INFO] running `Command { std: "docker" "start" "-a" "104fd1208793aa38c92ccbe6c538da0e7f773c6c325445e393577fee62e6e8f6", kill_on_drop: false }`
[INFO] [stderr]     Checking fifo v0.2.0 (/opt/rustwide/workdir)
[INFO] [stdout] error[E0432]: unresolved import `alloc::heap`
[INFO] [stdout]   --> src/lib.rs:30:5
[INFO] [stdout]    |
[INFO] [stdout] 30 | use alloc::heap;
[INFO] [stdout]    |     ^^^^^^^^^^^ no `heap` in the root
[INFO] [stdout] 
[INFO] [stdout] 
[INFO] [stdout] error[E0554]: `#![feature]` may not be used on the beta release channel
[INFO] [stdout]   --> src/lib.rs:21:1
[INFO] [stdout]    |
[INFO] [stdout] 21 | #![feature(alloc, heap_api)]
[INFO] [stdout]    | ^^^^^^^^^^^^^^^^^^^^^^^^^^^^
[INFO] [stdout] 
[INFO] [stdout] 
[INFO] [stdout] error[E0554]: `#![feature]` may not be used on the beta release channel
[INFO] [stdout]   --> src/lib.rs:22:1
[INFO] [stdout]    |
[INFO] [stdout] 22 | #![feature(optin_builtin_traits)]
[INFO] [stdout]    | ^^^^^^^^^^^^^^^^^^^^^^^^^^^^^^^^^
[INFO] [stdout] 
[INFO] [stdout] 
[INFO] [stdout] error[E0658]: negative trait bounds are not yet fully implemented; use marker types for now
[INFO] [stdout]    --> src/lib.rs:118:6
[INFO] [stdout]     |
[INFO] [stdout] 118 | impl !Sync for Sender {}
[INFO] [stdout]     |      ^^^^^
[INFO] [stdout]     |
[INFO] [stdout]     = note: see issue #68318 <https://github.com/rust-lang/rust/issues/68318> for more information
[INFO] [stdout] 
[INFO] [stdout] 
[INFO] [stdout] error[E0658]: negative trait bounds are not yet fully implemented; use marker types for now
[INFO] [stdout]    --> src/lib.rs:119:6
[INFO] [stdout]     |
[INFO] [stdout] 119 | impl !Sync for Receiver {}
[INFO] [stdout]     |      ^^^^^
[INFO] [stdout]     |
[INFO] [stdout]     = note: see issue #68318 <https://github.com/rust-lang/rust/issues/68318> for more information
[INFO] [stdout] 
[INFO] [stdout] 
[INFO] [stdout] error[E0432]: unresolved import `alloc::heap`
[INFO] [stdout]   --> src/lib.rs:30:5
[INFO] [stdout]    |
[INFO] [stdout] 30 | use alloc::heap;
[INFO] [stdout]    |     ^^^^^^^^^^^ no `heap` in the root
[INFO] [stdout] 
[INFO] [stdout] 
[INFO] [stdout] error[E0554]: `#![feature]` may not be used on the beta release channel
[INFO] [stdout]   --> src/lib.rs:21:1
[INFO] [stdout]    |
[INFO] [stdout] 21 | #![feature(alloc, heap_api)]
[INFO] [stdout]    | ^^^^^^^^^^^^^^^^^^^^^^^^^^^^
[INFO] [stdout] 
[INFO] [stdout] 
[INFO] [stdout] error[E0554]: `#![feature]` may not be used on the beta release channel
[INFO] [stdout]   --> src/lib.rs:22:1
[INFO] [stdout]    |
[INFO] [stdout] 22 | #![feature(optin_builtin_traits)]
[INFO] [stdout]    | ^^^^^^^^^^^^^^^^^^^^^^^^^^^^^^^^^
[INFO] [stdout] 
[INFO] [stdout] 
[INFO] [stdout] error[E0658]: negative trait bounds are not yet fully implemented; use marker types for now
[INFO] [stdout]    --> src/lib.rs:118:6
[INFO] [stdout]     |
[INFO] [stdout] 118 | impl !Sync for Sender {}
[INFO] [stdout]     |      ^^^^^
[INFO] [stdout]     |
[INFO] [stdout]     = note: see issue #68318 <https://github.com/rust-lang/rust/issues/68318> for more information
[INFO] [stdout] 
[INFO] [stdout] 
[INFO] [stdout] error[E0658]: negative trait bounds are not yet fully implemented; use marker types for now
[INFO] [stdout]    --> src/lib.rs:119:6
[INFO] [stdout]     |
[INFO] [stdout] 119 | impl !Sync for Receiver {}
[INFO] [stdout]     |      ^^^^^
[INFO] [stdout]     |
[INFO] [stdout]     = note: see issue #68318 <https://github.com/rust-lang/rust/issues/68318> for more information
[INFO] [stdout] 
[INFO] [stdout] 
[INFO] [stderr] error: could not compile `fifo`.
[INFO] [stdout] error: aborting due to 5 previous errors
[INFO] [stdout] 
[INFO] [stdout] 
[INFO] [stderr] 
[INFO] [stdout] Some errors have detailed explanations: E0432, E0554, E0658.
[INFO] [stdout] 
[INFO] [stderr] To learn more, run the command again with --verbose.
[INFO] [stdout] For more information about an error, try `rustc --explain E0432`.
[INFO] [stdout] 
[INFO] [stderr] warning: build failed, waiting for other jobs to finish...
[INFO] [stdout] error: aborting due to 5 previous errors
[INFO] [stdout] 
[INFO] [stdout] 
[INFO] [stdout] Some errors have detailed explanations: E0432, E0554, E0658.
[INFO] [stdout] 
[INFO] [stdout] For more information about an error, try `rustc --explain E0432`.
[INFO] [stdout] 
[INFO] [stderr] error: build failed
[INFO] running `Command { std: "docker" "inspect" "104fd1208793aa38c92ccbe6c538da0e7f773c6c325445e393577fee62e6e8f6", kill_on_drop: false }`
[INFO] running `Command { std: "docker" "rm" "-f" "104fd1208793aa38c92ccbe6c538da0e7f773c6c325445e393577fee62e6e8f6", kill_on_drop: false }`
[INFO] [stdout] 104fd1208793aa38c92ccbe6c538da0e7f773c6c325445e393577fee62e6e8f6
